s the thousands digit of 1363807?
3
What is the hundreds digit of 42658?
6
What is the units digit of 172022?
2
What is the hundred thousands digit of 349031?
3
What is the tens digit of 5208299?
9
What is the hundred thousands digit of 6118333?
1
What is the millions digit of 3209454?
3
What is the hundreds digit of 4744035?
0
What is the tens digit of 178654?
5
What is the ten thousands digit of 182777?
8
What is the tens digit of 81442?
4
What is the hundred thousands digit of 1017445?
0
What is the thousands digit of 152683?
2
What is the hundred thousands digit of 130238?
1
What is the ten thousands digit of 425592?
2
What is the tens digit of 350826?
2
What is the ten millions digit of 10312430?
1
What is the millions digit of 6180615?
6
What is the tens digit of 560368?
6
What is the tens digit of 961441?
4
What is the units digit of 202084?
4
What is the thousands digit of 4499520?
9
What is the tens digit of 4460804?
0
What is the hundreds digit of 263135?
1
What is the units digit of 490122?
2
What is the hundred thousands digit of 13134580?
1
What is the units digit of 2381738?
8
What is the millions digit of 5722246?
5
What is the units digit of 290100?
0
What is the ten thousands digit of 26184103?
8
What is the hundred thousands digit of 4757548?
7
What is the ten thousands digit of 1792241?
9
What is the ten thousands digit of 1526305?
2
What is the thousands digit of 287494?
7
What is the ten millions digit of 10641173?
1
What is the units digit of 6913?
3
What is the ten thousands digit of 132269?
3
What is the tens digit of 1931908?
0
What is the ten thousands digit of 1762843?
6
What is the millions digit of 1628273?
1
What is the ten thousands digit of 484407?
8
What is the units digit of 4620135?
5
What is the hundred thousands digit of 163969?
1
What is the tens digit of 659897?
9
What is the hundred thousands digit of 25001536?
0
What is the hundred thousands digit of 203165?
2
What is the units digit of 329804?
4
What is the units digit of 174090?
0
What is the tens digit of 9844733?
3
What is the ten thousands digit of 182390?
8
What is the hundreds digit of 25047842?
8
What is the ten thousands digit of 3932510?
3
What is the millions digit of 1491000?
1
What is the hundreds digit of 191981?
9
What is the tens digit of 108947?
4
What is the hundred thousands digit of 1405342?
4
What is the thousands digit of 1817734?
7
What is the hundreds digit of 41441337?
3
What is the tens digit of 10537607?
0
What is the hundred thousands digit of 14379127?
3
What is the hundred thousands digit of 6702531?
7
What is the units digit of 2816251?
1
What is the units digit of 14168704?
4
What is the tens digit of 11423306?
0
What is the hundreds digit of 17491?
4
What is the ten thousands digit of 25618056?
1
What is the units digit of 10393104?
4
What is the millions digit of 1653264?
1
What is the hundred thousands digit of 1402497?
4
What is the tens digit of 19422000?
0
What is the thousands digit of 8192770?
2
What is the units digit of 1900234?
4
What is the thousands digit of 605640?
5
What is the millions digit of 13628897?
3
What is the tens digit of 152888?
8
What is the hundred thousands digit of 146753?
1
What is the thousands digit of 31097482?
7
What is the units digit of 1803237?
7
What is the hundreds digit of 4034963?
9
What is the thousands digit of 119180?
9
What is the hundreds digit of 1976490?
4
What is the ten thousands digit of 31336290?
3
What is the hundreds digit of 523370?
3
What is the tens digit of 134797?
9
What is the thousands digit of 92191?
2
What is the thousands digit of 10073966?
3
What is the tens digit of 19063254?
5
What is the hundred thousands digit of 745252?
7
What is the hundred thousands digit of 174362?
1
What is the thousands digit of 1604372?
4
What is the tens digit of 2351681?
8
What is the hundreds digit of 673426?
4
What is the units digit of 268063?
3
What is the ten thousands digit of 10353815?
5
What is the tens digit of 11674?
7
What is the units digit of 64022?
2
What is the millions digit of 22297705?
2
What is the thousands digit of 9570705?
0
What is the units digit of 527400?
0
What is the ten thousands digit of 33308?
3
What is the units digit of 423838?
8
What is the thousands digit of 1051959?
1
What is the thousands digit of 28040?
8
What is the thousands digit of 6095816?
5
What is the units digit of 15503975?
5
What is the ten thousands digit of 3399687?
9
What is the millions digit of 1393300?
1
What is the hundreds digit of 1675318?
3
What is the thousands digit of 11927098?
7
What is the thousands digit of 886063?
6
What is the hundreds digit of 861784?
7
What is the hundred thousands digit of 7938716?
9
What is the hundreds digit of 5823691?
6
What is the tens digit of 10803870?
7
What is the units digit of 10753491?
1
What is the hundred thousands digit of 22361767?
3
What is the ten thousands digit of 4084881?
8
What is the hundreds digit of 1368715?
7
What is the hundreds digit of 906997?
9
What is the millions digit of 2528221?
2
What is the thousands digit of 968862?
8
What is the units digit of 9764363?
3
What is the hundreds digit of 4863622?
6
What is the units digit of 321939?
9
What is the hundreds digit of 744270?
2
What is the ten thousands digit of 5973352?
7
What is the thousands digit of 5706304?
6
What is the ten thousands digit of 2594673?
9
What is the hundred thousands digit of 20868946?
8
What is the units digit of 88776?
6
What is the thousands digit of 2758273?
8
What is the hundreds digit of 308962?
9
What is the tens digit of 13216658?
5
What is the hundreds digit of 4348073?
0
What is the ten thousands digit of 11301324?
0
What is the hundreds digit of 59533?
5
What is the hundreds digit of 12011370?
3
What is the units digit of 2192812?
2
What is the units digit of 310023?
3
What is the hundreds digit of 816705?
7
What is the tens digit of 672573?
7
What is the hundreds digit of 502783?
7
What is the hundreds digit of 789379?
3
What is the units digit of 553090?
0
What is the hundreds digit of 1737398?
3
What is the tens digit of 73335?
3
What is the millions digit of 12665462?
2
What is the units digit of 3504819?
9
What is the thousands digit of 94441?
4
What is the units digit of 1092681?
1
What is the units digit of 886975?
5
What is the hundred thousands digit of 4577958?
5
What is the hundred thousands digit of 21528407?
5
What is the thousands digit of 155221?
5
What is the hundreds digit of 3948565?
5
What is the hundred thousands digit of 295827?
2
What is the ten thousands digit of 314687?
1
What is the tens digit of 139081?
8
What is the ten thousands digit of 264736?
6
What is the units digit of 322609?
9
What is the hundred thousands digit of 461051?
4
What is the units digit of 6156593?
3
What is the thousands digit of 16945277?
5
What is the units digit of 289934?
4
What is the units digit of 14564608?
8
What is the thousands digit of 351489?
1
What is the hundreds digit of 71513?
5
What is the units digit of 1511451?
1
What is the units digit of 4260569?
9
What is the millions digit of 6404392?
6
What is the units digit of 2355159?
9
What is the ten thousands digit of 255942?
5
What is the units digit of 542533?
3
What is the hundreds digit of 2332064?
0
What is the millions digit of 2760714?
2
What is the ten thousands digit of 1712616?
1
What is the units digit of 154979?
9
What is the ten thousands digit of 6636978?
3
What is the units digit of 1520495?
5
What is the hundred thousands digit of 734291?
7
What is the tens digit of 217271?
7
What is the tens digit of 450221?
2
What is the thousands digit of 1547749?
7
What is the ten thousands digit of 2132835?
3
What is the millions digit of 18013796?
8
What is the thousands digit of 8301742?
1
What is the millions digit of 16385170?
6
What is the units digit of 3706138?
8
What is the tens digit of 76073?
7
What is the hundreds digit of 554390?
3
What is the thousands digit of 537647?
7
What is the units digit of 14384212?
2
What is the thousands digit of 29360629?
0
What is the millions digit of 1981176?
1
What is the units digit of 8158153?
3
What is the tens digit of 676577?
7
What is the millions digit of 10099017?
0
What is the ten thousands digit of 342569?
4